 the highest common divisor of 22 and 1474.
22
What is the greatest common factor of 39 and 26?
13
What is the greatest common factor of 946 and 22?
22
Calculate the highest common factor of 55 and 155.
5
Calculate the highest common factor of 7 and 7378.
7
Calculate the highest common divisor of 3185 and 91.
91
Calculate the highest common factor of 1591 and 473.
43
What is the highest common divisor of 30535 and 155?
155
Calculate the greatest common factor of 24 and 264.
24
Calculate the greatest common divisor of 69 and 276.
69
What is the highest common divisor of 140 and 224?
28
What is the highest common factor of 5244 and 69?
69
What is the greatest common divisor of 8565 and 15?
15
Calculate the greatest common factor of 24 and 112.
8
Calculate the greatest common divisor of 339 and 153.
3
What is the highest common divisor of 79781 and 13?
13
Calculate the highest common divisor of 1760 and 320.
160
Calculate the highest common factor of 387 and 172.
43
What is the highest common divisor of 25 and 100?
25
What is the highest common divisor of 185 and 111?
37
What is the highest common factor of 144 and 64?
16
What is the highest common factor of 30 and 10210?
10
What is the greatest common factor of 80 and 100?
20
What is the greatest common factor of 324 and 4?
4
What is the highest common divisor of 1144 and 1560?
104
Calculate the greatest common factor of 66 and 198.
66
What is the highest common divisor of 20 and 16?
4
What is the greatest common factor of 48 and 2928?
48
What is the highest common factor of 2660 and 30?
10
Calculate the greatest common factor of 26 and 1430.
26
What is the highest common factor of 11000 and 80?
40
What is the greatest common factor of 14 and 10822?
14
What is the highest common factor of 2860 and 5?
5
What is the greatest common divisor of 82 and 779?
41
What is the highest common factor of 1962 and 90?
18
What is the highest common divisor of 72 and 1134?
18
What is the greatest common factor of 1278 and 4?
2
What is the highest common factor of 955 and 20?
5
What is the highest common divisor of 114 and 1686?
6
Calculate the greatest common factor of 445 and 25.
5
Calculate the greatest common factor of 207 and 1587.
69
What is the highest common divisor of 100 and 75?
25
Calculate the highest common divisor of 520 and 30.
10
Calculate the highest common factor of 196 and 735.
49
Calculate the highest common factor of 72 and 702.
18
What is the greatest common factor of 352 and 77?
11
Calculate the highest common divisor of 8 and 1816.
8
What is the greatest common factor of 1235 and 76?
19
Calculate the greatest common factor of 6 and 27.
3
What is the highest common factor of 96 and 1284?
12
What is the greatest common divisor of 2220 and 999?
111
Calculate the highest common divisor of 2881 and 67.
67
Calculate the highest common divisor of 1661 and 11.
11
What is the highest common factor of 100 and 16?
4
Calculate the greatest common factor of 7031 and 178.
89
Calculate the highest common factor of 4922 and 1498.
214
What is the greatest common divisor of 928 and 8?
8
What is the highest common factor of 32 and 3256?
8
What is the highest common divisor of 459 and 252?
9
Calculate the greatest common divisor of 205 and 265.
5
Calculate the greatest common divisor of 585 and 9750.
195
What is the greatest common divisor of 1073 and 29?
29
What is the highest common divisor of 100 and 2060?
20
What is the highest common divisor of 76 and 124?
4
What is the highest common divisor of 120 and 1020?
60
Calculate the greatest common divisor of 13 and 1053.
13
Calculate the highest common factor of 102 and 136.
34
Calculate the highest common divisor of 189 and 56.
7
Calculate the greatest common divisor of 10989 and 814.
407
Calculate the highest common factor of 979 and 99.
11
What is the highest common divisor of 15 and 255?
15
What is the greatest common divisor of 12 and 24?
12
Calculate the greatest common factor of 240 and 336.
48
What is the highest common divisor of 140 and 175?
35
What is the greatest common divisor of 44 and 8074?
22
Calculate the highest common divisor of 496 and 16.
16
Calculate the greatest common divisor of 12 and 291.
3
What is the highest common factor of 70 and 230?
10
What is the highest common factor of 670 and 20?
10
What is the greatest common divisor of 841 and 377?
29
Calculate the greatest common factor of 72 and 3474.
18
Calculate the greatest common divisor of 192 and 240.
48
What is the greatest common factor of 177 and 6?
3
Calculate the highest common divisor of 1386 and 66.
66
Calculate the highest common factor of 143 and 533.
13
What is the greatest common divisor of 420 and 378?
42
What is the greatest common divisor of 69 and 6?
3
What is the highest common divisor of 3034 and 410?
82
What is the highest common divisor of 208 and 32?
16
What is the greatest common divisor of 36 and 9531?
9
Calculate the greatest common factor of 96 and 5232.
48
What is the highest common factor of 4812 and 24?
12
What is the greatest common factor of 9453 and 69?
69
Calculate the greatest common factor of 3 and 2.
1
Calculate the highest common divisor of 2241 and 27.
27
Calculate the greatest common divisor of 98 and 25333.
49
Calculate the greatest common divisor of 32873 and 71.
71
Calculate the greatest common factor of 664 and 830.
166
What is the greatest common divisor of 36379 and 7?
7
Calculate the greatest common factor of 8272 and 16.
16
What is the highest common factor of 1159 and 2867?
61
What is the greatest common factor of 74 and 1369?
37
What is the highest common divisor of 19464 and 24?
24
Calculate the highest common factor of 22400 and 200.
200
Calculate the highest common factor of 7024 and 48.
16
What is the greatest common divisor of 12 and 300?
12
Calculate the greatest common divisor of 4 and 12676.
4
What is the highest common divisor of 2520 and 18?
18
What is the greatest common divisor of 34 and 578?
34
Calculate the highest common factor of 43 and 1591.
43
What is the greatest common factor of 994 and 14?
14
What is the highest common factor of 116 and 16?
4
What is the highest common factor of 13 and 5161?
13
Calculate the greatest common factor of 30 and 1330.
10
What is the greatest common divisor of 112 and 16?
16
Calculate the greatest common divisor of 888 and 132.
12
Calculate the greatest common factor of 41 and 4305.
41
What is the highest common factor of 6 and 231?
3
What is the greatest common divisor of 4898 and 237?
79
Calculate the highest common divisor of 32 and 5616.
16
Calculate the highest common factor of 979 and 267.
89
What is the greatest common divisor of 252 and 1044?
36
What is the greatest common factor of 56 and 8?
8
Calculate the greatest common factor of 9559 and 79.
79
What is the highest common divisor of 110 and 2915?
55
Calculate the greatest common divisor of 374 and 221.
17
Calculate the greatest common divisor of 11254 and 34.
34
Calculate the highest common divisor of 24 and 32424.
24
What is the highest common factor of 2 and 58?
2
What is the greatest common factor of 455 and 112?
7
Calculate the greatest common divisor of 13 and 52.
13
Calculate the greatest common factor of 160 and 15.
5
Calculate the highest common factor of 2641 and 38.
19
What is the highest common divisor of 562 and 18265?
281
Calculate the highest common factor of 1659 and 3081.
237
Calculate the greatest common divisor of 627 and 1197.
57
Calculate the greatest common factor of 103 and 21733.
103
Calculate the greatest common divisor of 34 and 867.
17
What is the greatest common factor of 336 and 192?
48
Calculate the greatest common factor of 33 and 2013.
33
Calculate the highest common divisor of 286 and 1034.
22
Calculate the highest common factor of 256 and 96.
32
What is the highest common divisor of 851 and 37?
37
Calculate the highest common factor of 453 and 4379.
151
What is the highest common divisor of 12 and 108?
12
Calculate the greatest common divisor of 99 and 5181.
33
What is the greatest common factor of 18677 and 57?
19
Calculate the highest common factor of 305 and 5.
5
Calculate the highest common divisor of 8544 and 89.
89
What is the highest common divisor of 690 and 2208?
138
Calculate t